{"id":182,"date":"2018-04-06T16:23:29","date_gmt":"2018-04-06T14:23:29","guid":{"rendered":"https:\/\/scoalapiru.ro\/?page_id=182"},"modified":"2018-04-06T16:23:29","modified_gmt":"2018-04-06T14:23:29","slug":"comisii-si-catedre","status":"publish","type":"page","link":"https:\/\/scoalapiru.ro\/index.php\/comisii-si-catedre\/","title":{"rendered":"Comisii \u0219i catedre"},"content":{"rendered":"<p><span style=\"font-size: 14pt;\"><strong>COMISIA METODIC\u0102 EDUCATOARE<\/strong><\/span><\/p>\n<p><strong>Gr\u0103dini\u021ba cu Program Normal Nr. 1<\/strong> <strong>M\u0103rgineni<\/strong><\/p>\n<p>C\u00c2MPANU ANCA CERASELA \u2013 Grupa combinat\u0103 (mic\u0103 \u0219i mijlocie) &#8211; titular, Gradul didactic I<\/p>\n<p>M\u00c2NDRU MIHAELA FLORELA \u2013 Grupa combinat\u0103 (mijlocie \u0219i mare) &#8211; titular, Gradul didactic II<\/p>\n<p><strong>Gr\u0103dini\u021ba cu Program Normal Nr. 2<\/strong> <strong>M\u0103rgineni<\/strong><\/p>\n<p>BUCOVINEANU NICOLETA<strong> \u2013 <\/strong>Grupa mixt\u0103 (mic\u0103, mijlocie \u0219i mare) &#8211; titular, Gradul didactic II<\/p>\n<p><strong>Gr\u0103dini\u021ba cu Program Normal Bara\u021bi<\/strong><\/p>\n<p>HERCIU MARIA &#8211; Grupa combinat\u0103 (mic\u0103 \u0219i mijlocie) &#8211; titular, Gradul didactic I<\/p>\n<p>P\u0102TRA\u015eCU GEANINA &#8211; Grupa combinat\u0103 (mijlocie \u0219i mare) &#8211; titular, Gradul didactic Definitiv<\/p>\n<p><strong>Gr\u0103dini\u021ba cu Program Normal Luncani<\/strong><\/p>\n<p>DOROFTEI ELENA &#8211; Grupa combinat\u0103 (mic\u0103 \u0219i mijlocie) &#8211; titular, Gradul didactic II<\/p>\n<p>TIMARU MIHAELA &#8211; Grupa combinat\u0103 (mijlocie \u0219i mare) &#8211; titular, Gradul didactic II<\/p>\n<p><strong>\u00a0<\/strong><\/p>\n<p><span style=\"font-size: 14pt;\"><strong>COMISIA METODIC\u0102 \u00ceNV\u0102\u021a\u0102TORI<\/strong><\/span><\/p>\n<p><strong>\u015ecoala Gimnazial\u0103 \u201eAlexandru Piru\u201d, M\u0103rgineni<\/strong><\/p>\n<p><strong>Clasa preg\u0103titoare<\/strong> \u2013 prof. \u00eenv. primar DOB\u0102 MUNTEANU MONIA \u2013 titular, Gradul didactic I<\/p>\n<p><strong>Clasa I<\/strong> \u2013 \u00eenv. GORA LAURA CLAUDIA \u2013 titular, Gradul didactic I<\/p>\n<p><strong>Clasa a II-a A<\/strong> \u2013 prof. \u00eenv. primar NEAGU MARIA RAMONA &#8211; titular, Gradul didactic I<\/p>\n<p><strong>Clasa a II-a B<\/strong> \u2013 prof. \u00eenv. primar P\u0102TRA\u0218C-LUNGU MARIA ALEXANDRA \u2013 suplinitor calificat, Debutant<\/p>\n<p><strong>Clasa a III-a<\/strong> &#8211; prof. \u00eenv. primar TIMARU ANCA IOANA\u2013 suplinitor calificat, Debutant<\/p>\n<p><strong>Clasa a IV-a<\/strong> &#8211; prof. \u00eenv. primar N\u0102STASE ANA-MARIA\u2013 titular, Gradul didactic I<\/p>\n<p><strong>\u015ecoala Gimnazial\u0103 Bara\u021bi<\/strong><\/p>\n<p><strong>Clasa preg\u0103titoare<\/strong> \u2013 prof. \u00eenv. primar RON\u021aU MIRELA \u2013 suplinitor necalificat, Debutant<\/p>\n<p><strong>Clasa I<\/strong> \u2013 prof. \u00eenv. primar LEONTE MIRELA\u2013 titular, Gradul didactic I<\/p>\n<p><strong>Clasa a II-a \u2013 <\/strong>prof. \u00eenv. primar MACARIE LARISA\u2013 titular, Gradul didactic Definitiv<\/p>\n<p><strong>Clasa a III-a<\/strong> <strong>\u2013 <\/strong>\u00eenv. DOBO\u0218 GABRIELA\u2013 titular, Gradul didactic I<\/p>\n<p><strong>Clasa a IV-a<\/strong> \u2013 prof. \u00eenv. primar VR\u00ceNCEANU IULIA C\u0102T\u0102LINA\u2013 titular, Gradul didactic II<\/p>\n<p><strong>\u015ecoala Gimnazial\u0103 Luncani<\/strong><\/p>\n<p><strong>Clasa preg\u0103titoare<\/strong> \u2013 prof. \u00eenv. primar BILOBOC LOREDANA &#8211; titular, Gradul didactic Definitiv<\/p>\n<p><strong>Clasa I<\/strong> \u2013 prof. \u00eenv. primar BL\u0102JU\u021a OLGA\u2013 titular, Gradul didactic I<\/p>\n<p><strong>Clasa a II-a \u0219i Clasa a III-a<\/strong> <strong>SIMULTAN \u2013 <\/strong>prof. \u00eenv. primar ABABEI CAMELIA\u2013 titular, Gradul didactic I<\/p>\n<p><strong>Clasa a IV-a<\/strong> \u2013 prof. \u00eenv. primar KINCSES IRINA VASILICA\u2013 titular, Gradul didactic I<\/p>\n<p><strong>\u00a0<\/strong><\/p>\n<p><span style=\"font-size: 14pt;\"><strong>CATEDRA LIMB\u0102 \u0218I COMUNICARE<\/strong><\/span><\/p>\n<p>IORDACHE LOREDANA &#8211; Profesor lb. \u0219i lit. rom\u00e2n\u0103, titular, Gradul didactic II<\/p>\n<p>\u021a\u0102RANU OTILIA &#8211; Profesor lb. \u0219i lit. rom\u00e2n\u0103, titular, Gradul didactic I<\/p>\n<p>G\u0102BUREANU FLORENTINA &#8211; Profesor lb. \u0219i lit. rom\u00e2n\u0103, suplinitor calificat deta\u0219at, Gradul didactic II<\/p>\n<p>&nbsp;<\/p>\n<p><span style=\"font-size: 14pt;\"><strong>CATEDRA LIMBI STR\u0102INE<\/strong><\/span><\/p>\n<p>DU\u0162U MARINELA &#8211; Profesor limba englez\u0103 \u2013 limba francez\u0103, titular, Gradul didactic Definitiv<\/p>\n<p>GROSU MARIA &#8211; Profesor limba englez\u0103, titular, Gradul didactic I<\/p>\n<p>ENACHE BEATRICE &#8211; Profesor limba englez\u0103, titular, Gradul didactic Definitiv<\/p>\n<p>GHINDEA CARMEN &#8211; Profesor limba englez\u0103, titular, Gradul didactic II<\/p>\n<p>BURL\u0102CIUC BOGDANA-MIHAELA \u2013 Profesor limba francez\u0103, titular, Gradul didactic II<\/p>\n<p>MOVIL\u0102 IRINA &#8211; Profesor limba francez\u0103, suplinitor calificat, Gradul didactic Definitiv<\/p>\n<p>&nbsp;<\/p>\n<p><span style=\"font-size: 14pt;\"><strong>CATEDRA MATEMATIC\u0102<\/strong><\/span><\/p>\n<p>PARASCHIV ADRIAN &#8211; Profesor matematic\u0103, titular, Gradul didactic I<\/p>\n<p>STR\u0102JERIU TEOFIL &#8211; Profesor matematic\u0103, titular, Gradul Didactic Definitiv<\/p>\n<p>CHELARU ALEXANDRINA &#8211; Profesor matematic\u0103, titular, Gradul didactic I<\/p>\n<p>&nbsp;<\/p>\n<p><span style=\"font-size: 14pt;\"><strong>CATEDRA \u0218TIIN\u021aE<\/strong><\/span><\/p>\n<p>COJAN LIDIA IOANA &#8211; Profesor chimie-fizic\u0103, titular, Gradul didactic I<\/p>\n<p>MOIS\u0102 MIHAELA &#8211; Profesor chimie-fizic\u0103, titular, Gradul didactic I<\/p>\n<p>TIMOFTE CRISTINA &#8211; Profesor biologie, titular, Gradul didactic Definitiv<\/p>\n<p>ISACHI BOGDAN ALEXANDRU &#8211; Profesor biologie, suplinitor calificat<\/p>\n<p>&nbsp;<\/p>\n<p><span style=\"font-size: 14pt;\"><strong>CATEDRA EDUCA\u0162IE FIZIC\u0102, ARTE \u015eI TEHNOLOGII<\/strong><\/span><\/p>\n<p>RISTEA LILIANA &#8211; Profesor educa\u021bie tehnologic\u0103 \u0219i TIC, titular, Gradul didactic I<\/p>\n<p>DABIJA CARMEN &#8211; Profesor educa\u021bie fizic\u0103 \u0219i sport, titular, Gradul didactic I<\/p>\n<p>EIGEL NELU &#8211; Profesor educa\u021bie fizic\u0103 \u0219i sport, titular, Gradul didactic I<\/p>\n<p>ZOTA FLORIN &#8211; Profesor educa\u021bie fizic\u0103 \u0219i sport, titular, Gradul didactic I<\/p>\n<p>SAVIN MARIUS &#8211; Profesor educa\u021bie fizic\u0103 \u0219i sport, suplinitor calificat<\/p>\n<p>ACATINC\u0102 IONICA &#8211; Profesor educa\u021bie muzical\u0103 \u0219i educa\u021bie plastic, titular, Gradul didactic II<\/p>\n<p>V\u0102CARU ELENA &#8211; Profesor educa\u021bie plastic, suplinitor calificat<\/p>\n<p>&nbsp;<\/p>\n<p><span style=\"font-size: 14pt;\"><strong>CATEDRA \u201eOM \u015eI SOCIETATE\u201d<\/strong><\/span><\/p>\n<p>FLOREA LILIOARA &#8211; Profesor geografie, titular, Grad didactic I<\/p>\n<p>POPOVICI SIMONA &#8211; Profesor cultur\u0103 civic\u0103, titular, Grad didactic I<\/p>\n<p>N\u0102FORNI\u0162\u0102 ALEXANDRA PETRONELA &#8211; Profesor cultur\u0103 civic\u0103, suplinitor calificat<\/p>\n<p>CRUCEANU TATIANA &#8211; Profesor istorie, titular, Gradul didactic I<\/p>\n<p>MARCU BOGDAN &#8211; Profesor istorie, suplinitor calificat<\/p>\n<p>CIOBANU C\u0102T\u0102LIN &#8211; Profesor religie catolic\u0103, titular, Gradul didactic II<\/p>\n<p>DIMOFTE ANDREI &#8211; Profesor religie ortodox\u0103, titular, Gradul didactic Definitiv<\/p>\n","protected":false},"excerpt":{"rendered":"<p>COMISIA METODIC\u0102 EDUCATOARE Gr\u0103dini\u021ba cu Program Normal Nr. 1 M\u0103rgineni C\u00c2MPANU ANCA CERASELA \u2013 Grupa combinat\u0103 (mic\u0103 \u0219i mijlocie) &#8211; titular, Gradul didactic I M\u00c2NDRU MIHAELA FLORELA \u2013 Grupa combinat\u0103 (mijlocie \u0219i mare) &#8211; titular, Gradul didactic II Gr\u0103dini\u021ba cu <a href=\"https:\/\/scoalapiru.ro\/index.php\/comisii-si-catedre\/\" class=\"read-more\">Read More &#8230;<\/a><\/p>\n","protected":false},"author":1,"featured_media":0,"parent":0,"menu_order":0,"comment_status":"closed","ping_status":"closed","template":"","meta":{"footnotes":""},"class_list":["post-182","page","type-page","status-publish","hentry"],"_links":{"self":[{"href":"https:\/\/scoalapiru.ro\/index.php\/wp-json\/wp\/v2\/pages\/182","targetHints":{"allow":["GET"]}}],"collection":[{"href":"https:\/\/scoalapiru.ro\/index.php\/wp-json\/wp\/v2\/pages"}],"about":[{"href":"https:\/\/scoalapiru.ro\/index.php\/wp-json\/wp\/v2\/types\/page"}],"author":[{"embeddable":true,"href":"https:\/\/scoalapiru.ro\/index.php\/wp-json\/wp\/v2\/users\/1"}],"replies":[{"embeddable":true,"href":"https:\/\/scoalapiru.ro\/index.php\/wp-json\/wp\/v2\/comments?post=182"}],"version-history":[{"count":1,"href":"https:\/\/scoalapiru.ro\/index.php\/wp-json\/wp\/v2\/pages\/182\/revisions"}],"predecessor-version":[{"id":183,"href":"https:\/\/scoalapiru.ro\/index.php\/wp-json\/wp\/v2\/pages\/182\/revisions\/183"}],"wp:attachment":[{"href":"https:\/\/scoalapiru.ro\/index.php\/wp-json\/wp\/v2\/media?parent=182"}],"curies":[{"name":"wp","href":"https:\/\/api.w.org\/{rel}","templated":true}]}}