{"id":194,"date":"2018-04-24T21:05:37","date_gmt":"2018-04-24T19:05:37","guid":{"rendered":"https:\/\/scoalapiru.ro\/?page_id=194"},"modified":"2023-01-16T15:40:29","modified_gmt":"2023-01-16T13:40:29","slug":"evaluarea-nationala-la-clasele-ii-iv-vi","status":"publish","type":"page","link":"https:\/\/scoalapiru.ro\/index.php\/evaluarea-nationala-la-clasele-ii-iv-vi\/","title":{"rendered":"Evaluarea na\u021bional\u0103 la clasele II, IV, VI"},"content":{"rendered":"<h5><strong>Evaluare nationala la a II-a, a IV-a, a VI-a \u2013\u00a0<\/strong><strong>2022 \u2013 2023<\/strong><\/h5>\n<p><strong><a href=\"https:\/\/rocnee.eu\/images\/rocnee\/fisiere\/examene\/ordinul-5-359-2022-m-of-902-din-13-sep-2022_1.pdf\" target=\"_blank\" rel=\"noopener\">Calendarului de administrare a evalu\u0103rilor na\u021bionale la finalul claselor a II-a, a IV-a \u0219i a VI-a \u00een anul \u0219colar 2022-2023 \u2013 Ordinul nr. 5359\/2022<\/a><\/strong><\/p>\n<div><strong><span class=\"marker\"><span class=\"tax\">CALENDARUL de administrare a evalu\u0103rilor na\u021bionale la finalul claselor a II-a, a IV-a \u0219i a VI-a \u00een anul \u0219colar 2022-2023<\/span><\/span><\/strong><\/div>\n<div id=\"do|ax1|_h\" class=\"parent\">\u00a0<\/div>\n<div id=\"do|ax1|_b\" class=\"child\">\n<div id=\"do|ax1|pt1|_h\" class=\"parent\"><strong><span class=\"pt\">1.<\/span><span class=\"tpt\">Evaluarea competen\u021belor fundamentale la finalul clasei a II-a \u2013 EN II:<\/span><\/strong><\/div>\n<div id=\"do|ax1|pt1|_b\" class=\"child\">\n<div>\u00a0<\/div>\n<div id=\"do|ax1|pt1|pa1\" class=\"item\"><span class=\"tpa\">Scris \u2013 Limba rom\u00e2n\u0103 \u2013 9 mai 2023,<\/span><\/div>\n<div>\u00a0<\/div>\n<div id=\"do|ax1|pt1|pa2\" class=\"item\"><span class=\"tpa\">Scris \u2013 Limba matern\u0103 \u2013 9 mai 2023,<\/span><\/div>\n<div>\u00a0<\/div>\n<div id=\"do|ax1|pt1|pa3\" class=\"item\"><span class=\"tpa\">Citit \u2013 Limba rom\u00e2n\u0103 \u2013 10 mai 2023,<\/span><\/div>\n<div>\u00a0<\/div>\n<div id=\"do|ax1|pt1|pa4\" class=\"item\"><span class=\"tpa\">Citit \u2013 Limba matern\u0103 \u2013 10 mai 2023,<\/span><\/div>\n<div>\u00a0<\/div>\n<div id=\"do|ax1|pt1|pa5\" class=\"item\"><span class=\"tpa\">Matematic\u0103 \u2013 11 mai 2023,<\/span><\/div>\n<div>\u00a0<\/div>\n<div id=\"do|ax1|pt1|pa6\" class=\"item\"><span class=\"tpa\">Scris-Citit \u2013 Limba rom\u00e2n\u0103 pentru minorit\u0103\u021bile na\u021bionale \u2013 12 mai 2023.<\/span><\/div>\n<\/div>\n<div>\u00a0<\/div>\n<div id=\"do|ax1|pt2|_h\" class=\"parent\"><strong><span class=\"pt\">2.<\/span><span class=\"tpt\">Evaluarea competen\u021belor fundamentale dob\u00e2ndite \u00een ciclul primar la finalul clasei a IV-a \u2013 EN IV:<\/span><\/strong><\/div>\n<div id=\"do|ax1|pt2|_b\" class=\"child\">\n<div>\u00a0<\/div>\n<div id=\"do|ax1|pt2|pa1\" class=\"item\"><span class=\"tpa\">Limba rom\u00e2n\u0103 \u2013 16 mai 2023,<\/span><\/div>\n<div>\u00a0<\/div>\n<div id=\"do|ax1|pt2|pa2\" class=\"item\"><span class=\"tpa\">Matematic\u0103 \u2013 17 mai 2023,<\/span><\/div>\n<div>\u00a0<\/div>\n<div id=\"do|ax1|pt2|pa3\" class=\"item\"><span class=\"tpa\">Limba matern\u0103 \u2013 18 mai 2023,<\/span><\/div>\n<\/div>\n<div>\u00a0<\/div>\n<div id=\"do|ax1|pt3|_h\" class=\"parent\"><strong><span class=\"pt\">3.<\/span><span class=\"tpt\">Evaluarea elevilor la finalul clasei a VI-a \u2013 EN VI:<\/span><\/strong><\/div>\n<div id=\"do|ax1|pt3|_b\" class=\"child\">\n<div>\u00a0<\/div>\n<div id=\"do|ax1|pt3|pa1\" class=\"item\"><span class=\"tpa\">Limb\u0103 \u0219i comunicare \u2013 24 mai 2023,<\/span><\/div>\n<div>\u00a0<\/div>\n<div id=\"do|ax1|pt3|pa2\" class=\"item\"><span class=\"tpa\">Matematic\u0103 \u0219i \u0218tiin\u021be ale naturii \u2013 25 mai 2023.<\/span><\/div>\n<\/div>\n<\/div>\n<p>Metodologie Evalu\u0103ri Na\u021bionale clasele II, IV, VI. (<a href=\"https:\/\/scoalapiru.ro\/wp-content\/uploads\/2018\/04\/Metodologie-Evaluari-Nationale-clasele-II-IV-VI.pdf\" target=\"_blank\" rel=\"noopener\">Fi\u0219ier PDF<\/a>)<\/p>\n<p>Calendar Evalu\u0103ri Na\u021bionale clasele II, IV, VI. (<a href=\"https:\/\/scoalapiru.ro\/wp-content\/uploads\/2018\/04\/OMEN-4787_30_08_2017-Evaluari-Nationale-clasele-II_IV_VI.pdf\" target=\"_blank\" rel=\"noopener\">Fi\u0219ier PDF<\/a>)<\/p>\n<h4><strong><a href=\"http:\/\/www.isjbacau.ro\/examene-nationale\/evaluarea-nationala-pentru-clasele-a-ii-a-a-iv-a-si-a-vi-a\/2023\" target=\"_blank\" rel=\"noopener\">Evaluarea na\u0163ional\u0103 pentru clasele a II-a, a IV-a si a VI-a \u2013 ISJ BACAU<\/a><\/strong><\/h4>\n<div>\n<h4><strong><a href=\"https:\/\/www.edu.ro\/EN_II_IV_VI\" target=\"_blank\" rel=\"noopener\">Evalu\u0103ri na\u021bionale la finalul claselor a II-a, a IV-a \u0219i a VI-a &#8211; EDU.RO<\/a><\/strong><\/h4>\n<\/div>\n","protected":false},"excerpt":{"rendered":"<p>Evaluare nationala la a II-a, a IV-a, a VI-a \u2013\u00a02022 \u2013 2023 Calendarului de administrare a evalu\u0103rilor na\u021bionale la finalul claselor a II-a, a IV-a \u0219i a VI-a \u00een anul \u0219colar 2022-2023 \u2013 Ordinul nr. 5359\/2022 CALENDARUL de administrare a <a href=\"https:\/\/scoalapiru.ro\/index.php\/evaluarea-nationala-la-clasele-ii-iv-vi\/\" class=\"read-more\">Read More &#8230;<\/a><\/p>\n","protected":false},"author":2,"featured_media":0,"parent":0,"menu_order":0,"comment_status":"closed","ping_status":"closed","template":"","meta":{"footnotes":""},"class_list":["post-194","page","type-page","status-publish","hentry"],"_links":{"self":[{"href":"https:\/\/scoalapiru.ro\/index.php\/wp-json\/wp\/v2\/pages\/194","targetHints":{"allow":["GET"]}}],"collection":[{"href":"https:\/\/scoalapiru.ro\/index.php\/wp-json\/wp\/v2\/pages"}],"about":[{"href":"https:\/\/scoalapiru.ro\/index.php\/wp-json\/wp\/v2\/types\/page"}],"author":[{"embeddable":true,"href":"https:\/\/scoalapiru.ro\/index.php\/wp-json\/wp\/v2\/users\/2"}],"replies":[{"embeddable":true,"href":"https:\/\/scoalapiru.ro\/index.php\/wp-json\/wp\/v2\/comments?post=194"}],"version-history":[{"count":7,"href":"https:\/\/scoalapiru.ro\/index.php\/wp-json\/wp\/v2\/pages\/194\/revisions"}],"predecessor-version":[{"id":481,"href":"https:\/\/scoalapiru.ro\/index.php\/wp-json\/wp\/v2\/pages\/194\/revisions\/481"}],"wp:attachment":[{"href":"https:\/\/scoalapiru.ro\/index.php\/wp-json\/wp\/v2\/media?parent=194"}],"curies":[{"name":"wp","href":"https:\/\/api.w.org\/{rel}","templated":true}]}}