{"id":643,"date":"2023-06-30T14:36:06","date_gmt":"2023-06-30T12:36:06","guid":{"rendered":"https:\/\/scoalapiru.ro\/?page_id=643"},"modified":"2023-06-30T15:54:44","modified_gmt":"2023-06-30T13:54:44","slug":"programului-national-scoala-altfel-2022-2023","status":"publish","type":"page","link":"https:\/\/scoalapiru.ro\/index.php\/programului-national-scoala-altfel-2022-2023\/","title":{"rendered":"Programului na\u021bional \u201e\u0218coala altfel\u201d"},"content":{"rendered":"<p><strong>Programului na\u021bional \u201e\u0218coala altfel\u201d 2022-2023<\/strong><\/p>\n<div style=\"width: 608px;\" class=\"wp-video\"><video class=\"wp-video-shortcode\" id=\"video-643-1\" width=\"608\" height=\"480\" preload=\"metadata\" controls=\"controls\"><source type=\"video\/mp4\" src=\"https:\/\/scoalapiru.ro\/wp-content\/uploads\/2023\/06\/sapt-altfel-2023.mp4?_=1\" \/><a href=\"https:\/\/scoalapiru.ro\/wp-content\/uploads\/2023\/06\/sapt-altfel-2023.mp4\">https:\/\/scoalapiru.ro\/wp-content\/uploads\/2023\/06\/sapt-altfel-2023.mp4<\/a><\/video><\/div>\n<p><strong><a href=\"https:\/\/scoalapiru.ro\/index.php\/2023\/06\/30\/scoala-altfel\/metodologie-de-organizare-programului-national-scoala-altfel\/\" target=\"_blank\" rel=\"attachment noopener wp-att-640\">Metodologie de organizare Programului na\u021bional \u201e\u0218coala altfel\u201d<\/a><\/strong><\/p>\n<p><strong> <a href=\"https:\/\/scoalapiru.ro\/index.php\/2023\/06\/30\/scoala-altfel\/echipa-de-coordonare-a-programului-national-scoala-altfel\/\" target=\"_blank\" rel=\"attachment noopener wp-att-641\">Echipa de coordonare a Programului Na\u0163ional \u015ecoala Altfel<\/a><\/strong><\/p>\n<p><strong><a href=\"https:\/\/scoalapiru.ro\/index.php\/programului-national-scoala-altfel-2022-2023\/scoala-gimnaziala-alexandru-piru-planificarea-activitatilor-scoala-altfel-2022-2023\/\" target=\"_blank\" rel=\"attachment noopener wp-att-649\">Planificarea activit\u0103\u021bilor \u0218coala Altfel 2022-2023<\/a><\/strong><\/p>\n","protected":false},"excerpt":{"rendered":"<p>Programului na\u021bional \u201e\u0218coala altfel\u201d 2022-2023 Metodologie de organizare Programului na\u021bional \u201e\u0218coala altfel\u201d Echipa de coordonare a Programului Na\u0163ional \u015ecoala Altfel Planificarea activit\u0103\u021bilor \u0218coala Altfel 2022-2023<\/p>\n","protected":false},"author":2,"featured_media":0,"parent":0,"menu_order":0,"comment_status":"closed","ping_status":"closed","template":"","meta":{"footnotes":""},"class_list":["post-643","page","type-page","status-publish","hentry"],"_links":{"self":[{"href":"https:\/\/scoalapiru.ro\/index.php\/wp-json\/wp\/v2\/pages\/643","targetHints":{"allow":["GET"]}}],"collection":[{"href":"https:\/\/scoalapiru.ro\/index.php\/wp-json\/wp\/v2\/pages"}],"about":[{"href":"https:\/\/scoalapiru.ro\/index.php\/wp-json\/wp\/v2\/types\/page"}],"author":[{"embeddable":true,"href":"https:\/\/scoalapiru.ro\/index.php\/wp-json\/wp\/v2\/users\/2"}],"replies":[{"embeddable":true,"href":"https:\/\/scoalapiru.ro\/index.php\/wp-json\/wp\/v2\/comments?post=643"}],"version-history":[{"count":7,"href":"https:\/\/scoalapiru.ro\/index.php\/wp-json\/wp\/v2\/pages\/643\/revisions"}],"predecessor-version":[{"id":693,"href":"https:\/\/scoalapiru.ro\/index.php\/wp-json\/wp\/v2\/pages\/643\/revisions\/693"}],"wp:attachment":[{"href":"https:\/\/scoalapiru.ro\/index.php\/wp-json\/wp\/v2\/media?parent=643"}],"curies":[{"name":"wp","href":"https:\/\/api.w.org\/{rel}","templated":true}]}}